10*z + 16. What is y(n)?
-5
Let f = 12 - 14. Let q(w) = w**3 + w**2 - 3*w - 1. Calculate q(f).
1
Let k(h) = 4 - 2*h + h**3 - 4*h + 4*h - 3*h**2. Suppose n = -0*n. Suppose 2*t + 4*a + 0 = -2, a + 2 = n. Calculate k(t).
-2
Let q(z) = 3*z + 4. Let x(b) = 7*b. Let i be x(-1). Let a be 0 + 0 + 4 + i. Determine q(a).
-5
Suppose -1 = m - 0*m, 0 = 4*a + 3*m - 5. Suppose z = 3*z + 3*n - 13, -2*z - a*n + 10 = 0. Suppose r - 2 = z. Let b(s) = s**2 - 6*s + 2. What is b(r)?
-6
Let w(d) be the first derivative of -d**2/2 - d - 3. Let r be w(4). Let c be (-2)/r - 17/5. Let v(n) = -n**3 - 4*n**2 - n. What is v(c)?
-6
Let f = -1 - -2. Let d(k) = -k**2 - k. Let z(g) = -12*g**2 - 6*g + 1. Let l(o) = 2*o - 3. Let n be l(2). Let j(a) = n*z(a) - 5*d(a). Determine j(f).
-7
Let x(q) = 6*q**2 + 2*q + 4. Let t(z) = 5*z**2 + 3*z + 3. Let n(w) = 5*t(w) - 4*x(w). Give n(-8).
7
Let v(s) = -s**2 - 7*s - 4. Let o(l) = -l**2 + 9*l + 10. Let h be o(8). Suppose 7*j + h = j. Calculate v(j).
8
Let c(f) = f**2 + 5*f - 19. Let v be c(-7). Let r(j) = 8*j + 7. Calculate r(v).
-33
Suppose 0 = -4*z + 8*z - 8. Let k(a) = 0*a**2 - 2 + 0*a + a - 6*a**z + a**3 + 2*a**2. What is k(2)?
-8
Let k(z) = -12*z + 10. Let u(a) = 2*a + 1. Let v(g) = k(g) + 5*u(g). What is v(10)?
-5
Let r(c) = c**2 - 4*c - 4. Let u = -59 + 84. Suppose u = -5*x, -44 = -2*h + 5*x - 13. Determine r(h).
-7
Let g(o) = 32*o - 2*o**2 - 4 - 2*o**2 - 33*o - 2*o**3. Give g(-3).
17
Let b(j) = 7*j**3 - 2*j**2 + 1. Let c = -8 + 10. Let w be 2*(-2)/(-1) - c. Suppose w + 0 = -2*v. Give b(v).
-8
Let a(u) = -u**2 + 11. Let m be a(4). Let t(k) = -k**3 - 6*k**2 - 6*k - 4. Calculate t(m).
1
Let f(h) = -h**2 - h. Let q = -2 - -7. Suppose 4*d - q = 19. Suppose u - 15 = d*u. Calculate f(u).
-6
Let j(r) = -r**2 + 7*r - 1. Suppose -5*t + 11 = -4*m, 3*m + 0*m = -4*t + 15. Suppose -t*c + 15 = 4*o, -8 = -2*c + 3*o + 2. Calculate j(c).
9
Suppose -5*o - 75 = -8*o. Suppose -o = 7*v - 2*v. Let i(u) = -u**3 - 3*u**2 + 4. Let b(j) = j**3 + 2*j**2 - 3. Let q(t) = 2*b(t) + 3*i(t). Calculate q(v).
6
Let q(y) = 16 - 5 - 10*y + y**2 - y. Let r be q(9). Let i = -1 - r. Let x(z) = z**3 - 5*z**2 - 5*z + 2. Give x(i).
8
Let k(u) be the third derivative of 0 - u**2 - 7/6*u**3 + 1/15*u**5 + 1/120*u**6 - 1/3*u**4 + 0*u. Calculate k(-5).
8
Let j = 17 - 13. Suppose -j*z - 25 = -3*s, z + 0*z = -4. Let u(x) be the first derivative of x**4/4 - 4*x**3/3 + x**2 - 2*x - 1. Give u(s).
-5
Let h be ((-8)/12)/(1/(-9)). Let r(x) = -5*x**2 + 13*x + 11. Let d(w) = 2*w**2 - 7*w - 6. Let g(j) = h*r(j) + 11*d(j). Calculate g(-1).
-9
Let v(o) = o**2 - 7*o - 1. Let a(f) = f**3 + 5*f**2 + 3*f - 4. Let t = -3 + 0. Let u be a(t). Calculate v(u).
-11
Let f(z) = 3*z - 3 - z - z. Let r be f(6). Let d(h) = h**3 - 2*h**2 - 2*h + 2. Let w(o) = -o**3 + 2*o**2 + 2*o - 2. Let b(j) = 6*d(j) + 5*w(j). Determine b(r).
5
Let y(a) = -a + 1. Let r = -1 + 3. Give y(r).
-1
Let g = 4 + -4. Suppose -5*t + 4*w + 8 = 0, 3*t + 3*w + 0 + 6 = g. Let x(j) = -j**2 - j. What is x(t)?
0
Let b(x) = 3*x**3 + 5*x + 3 - 4*x**3 - 5 - 3*x**2. What is b(-4)?
-6
Let u(c) be the third derivative of c**5/60 - c**4/6 - c**3/2 - 9*c**2. Determine u(5).
2
Let d(t) be the third derivative of t**4/24 - t**3/2 + 35*t**2. What is d(6)?
3
Suppose t + 1 = 0, 0*t - 2*t = 5*z + 7. Let h = 7 + z. Let v(r) = r - 3. What is v(h)?
3
Let u(k) be the first derivative of -2 + 0*k**2 + 1/120*k**5 + k**3 + 1/12*k**4 + 0*k. Let y(r) be the third derivative of u(r). Give y(-3).
-1
Let d(w) = -w**3 - w**2. Let o(n) = 5*n**3 - 2*n**2 + 1. Let z be o(1). Suppose -z = 3*i + 2*c, -4*i - i - 2*c = 0. Suppose -1 - 1 = i*a. What is d(a)?
0
Suppose 0*a = 3*a - 15, -5*o - 5*a = -35. Suppose 2*v + 16 = -o*v. Let h(r) = -2*r + 4. Let q(m) = m - 1. Let d(p) = 2*h(p) + 6*q(p). Give d(v).
-6
Let r(w) = w**3 + 1. Suppose -5*u + 4*y - 25 = 0, 21 = 4*u + 4*y + y. Determine r(u).
0
Let b be (-1)/(-1) + (0 - -4). Suppose k - p - 7 = 0, -2*k - 16 = 5*p - p. Let r(c) = k*c - 2*c + 4 + c. Calculate r(b).
9
Suppose -c - 2*c = -3. Let b = 0 - -2. Let y(k) = 0*k**2 + 0*k**b - k**2 - 1 - 2*k**3 + 3*k**2. What is y(c)?
-1
Let m(b) = -b + 13. Let l be m(9). Suppose 4*f - 3*k = 88, -2*k + 7*k = f - 39. Suppose -l*t = 3 - f. Let u(n) = n**2 - 3*n. Calculate u(t).
4
Let g(v) = -v**2 + 19*v - 37. Let z be g(17). Let n(y) = y**2 - y + 3. Give n(z).
15
Suppose 35 = -10*c + 5*c. Let d = c + 11. Let v(a) = -a**2 + 4*a - 3. Give v(d).
-3
Let z(f) be the second derivative of -f**4/12 - f**3/3 - f**2/2 - 6*f. Let h be z(-2). Let r(d) = 2*d**3 + d**2 + 2*d + 1. Calculate r(h).
-2
Let w(n) = -n**3 - 2*n**2 + n + 2. Let y be 0 + 6/(-9)*-3. Suppose -y*r = 0, -2*u + 2*r + 2 = -3*r. Let a = u - 3. What is w(a)?
0
Let o(h) = 2*h - 9. Let s(f) be the first derivative of 3*f**2/2 - 10*f + 2. Let p(v) = 7*o(v) - 6*s(v). Let z(x) = 2*x + 35. Let y be z(-19). Determine p(y).
9
Suppose -6 = 3*z + 3*a, -5*z + 3*z - 3*a - 8 = 0. Let g(j) be the second derivative of j + j**z + 1/3*j**3 + 0. Give g(2).
6
Let v = -33 + 27. Let o(g) = g + 8. Calculate o(v).
2
Let b(w) = -w + 11. Let x be (-4)/(-3)*(-1 - -7). What is b(x)?
3
Suppose 0 = 2*z - v - 13, 3*z + 3*v + 2 = -1. Let q(l) = -l - 1 - z + l**3 + 1. Give q(0).
-4
Let a = -2 - -1. Let g(r) be the second derivative of 0 - 1/3*r**4 + 0*r**3 + 0*r**2 + 3*r. Determine g(a).
-4
Let q(v) = v**3 - 4*v**2 - v - 1. Suppose -c + 0 = -4. What is q(c)?
-5
Let n be (4/(-3))/(1/3). Let q(m) be the second derivative of -m**4/12 - 5*m**3/6 + m**2/2 - m. Calculate q(n).
5
Let p be (0 - 0)/(-1) - 5. Let c(q) = 2 + q - 2. Give c(p).
-5
Let i(w) be the third derivative of w**5/60 - w**4/8 - w**3/3 + 5*w**2. Let o = -6 + 9. Give i(o).
-2
Let u(c) = 19*c**3 + 4*c**2 - c - 10. Let v(h) = -h - 7*h**3 - 9*h**3 + 2*h + 3*h**3 - 3*h**2 + 7. Let t(b) = -5*u(b) - 7*v(b). Calculate t(1).
-4
Let n(x) = 3*x**3 - x + 1. Let z be n(1). Suppose -4*h + z*h - 5 = 0. Let f(d) = -d**2 - 5*d - 1. Calculate f(h).
-1
Suppose 6*v + 7 = 3*v + 5*s, 5*v + s + 49 = 0. Let a = v - -13. Suppose 0 = w - a*w + 12. Let n(l) = -l**3 + 4*l**2 + 4. Determine n(w).
4
Let b(u) = 4*u**2 - 4*u - 5. Suppose -3*n = -6*n - 6. Let d(m) = 13*m**2 - 13*m - 16. Let s(g) = n*d(g) + 7*b(g). Calculate s(3).
9
Let m(z) = -z**3 + 7*z**2 - 4*z + 1. Let v(x) = -5*x**3 + 36*x**2 - 20*x + 5. Let l(r) = 11*m(r) - 2*v(r). Let y be (-2)/(-4) + 10/4. Determine l(y).
7
Let t(w) = -3*w**3 + 3*w**2 - w + 4. Let p(j) = -4*j**3 + 5*j**2 - j + 6. Let b(x) = -5*p(x) + 7*t(x). Determine b(-4).
6
Let d(o) = -2*o - 15. Let m be d(-7). Let w(a) = -12*a**2 - a - 1. Calculate w(m).
-12
Let w(r) = -14*r**3 - 15*r**2 - 9*r + 2. Let s(o) = 5*o**3 + 5*o**2 + 3*o - 1. Let h(m) = 11*s(m) + 4*w(m). What is h(-4)?
-7
Suppose -3*r = -5*o - 4*r - 30, -4*r - 35 = 3*o. Let k(b) = -b**2 - 5*b - 1. Determine k(o).
-1
Let g(y) = y**2 - 4*y - 5. Suppose -4*k + 13 = -0*p - 3*p, p - 17 = -4*k. Give g(k).
-5
Let m(o) = -o**2 - o**2 + 2 + 7*o**2 - o**3 - 4*o. Suppose 3*a - 1 = -4*t, 4*t = 3*a - a + 26. Let w(p) = p**3 + 4*p**2 - 6*p - 2. Let k be w(a). Give m(k).
8
Let p(g) = 6*g + 2 + 5*g**2 - g - 6*g**2. Let j = -2 - -8. Determine p(j).
-4
Let m(v) = v**2 + 3*v - 5. Let b be m(-5). Let l(t) be the first derivative of 2 - 1/2*t**2 + 6*t. Determine l(b).
1
Let q = 17 + -11. Let z(x) = q*x**2 - x**3 - x - 3*x**3 - 2*x**3 + 5*x**3. Give z(6).
-6
Let p(s) = s**2 - 8*s + 9. Let v be p(4). Let d(y) = y**2 + 6*y - 7. Calculate d(v).
0
Let m(l) = l**3 + 5*l**2 + 2*l + 2. Let g(t) = t**2 + 2*t - 13. Let v be g(-4). Give m(v).
-8
Let y(s) = -3*s - 6. Let a be y(-4). Suppose z + 3*h + 7 = 0, 15 + a = 5*z + h. Let d(i) = -6*i**2 + 2*i**3 + 2*i + 2 + 3 - i**3. Calculate d(z).
-10
Let k be (9 - 8)*(4 - -1). Let l(t) = -2*t - 2. Give l(k).
-12
Let r(w) = 3*w**2 + w. Let g be r(-1). Suppose -5*s + 50 = 5*h, -g*h = 3*h - 2*s - 15. Let q(z) = -z**2 + 4*z - 1. Give q(h).
-6
Let x(c) be the third derivative of -6*c**2 - 1/12*c**4 + 1/6*c**3 + 0*c + 1/30*c**5 + 1/120*c**6 + 0. What is x(1)?
2
Let w = 56 + -38. Suppose 3*i - 2*b - w = 3*b, 5 = -4*i - 3*b. Let k(d) = d + 6*d**2 - 5*d**2 + 2*d**2. Give k(i).
4
Suppose -5*p = -4*p + 4. Let x(a) = -a**3 - 4*a**2 + 2*a + 5. Give x(p).
-3
Let v = 36 - 24. Let d(x) = -x + 12. What is d(v)?
0
Suppose -c - 4*i + 1 = 0, 0 = -c + 4*i +